61*x + 56880. Calculate v(-11).
-12
Let y(t) = -68*t**2 + 625*t + 1. Give y(6).
1303
Let w(l) = -l**3 + 6*l**2 - 194*l - 1028. Give w(-5).
217
Let l(j) = -j**3 + 225*j**2 + 5253*j - 21415. Calculate l(246).
-13
Let o(i) = 3*i**3 + 54*i**2 - 1145*i - 20479. What is o(-20)?
21
Let p(u) = u**3 + 138*u**2 + 900*u - 2789. What is p(-131)?
-562
Let v(x) = -16*x**3 + 209*x**2 - 177*x + 2099. Give v(13).
-33
Let s(h) = -265254*h - 11936436. Determine s(-45).
-6
Let u(v) = -5*v**3 + 41*v**2 + 2*v - 16. What is u(7)?
292
Let h(t) = -45*t**2 - 9015*t - 2993. What is h(-200)?
7
Let y(j) = 330147*j + 2311037. Calculate y(-7).
8
Let z(q) = -3*q**3 + 19*q**2 - 3267*q + 19575. Determine z(6).
9
Let t(c) = 227411*c + 1819278. Give t(-8).
-10
Let k(c) = 14*c**2 - 118*c - 111. Give k(11).
285
Let k(c) = 1739*c + 126367. Determine k(-73).
-580
Let v(s) = -30*s**2 - 149*s + 19. Determine v(-5).
14
Let b(l) = -2*l**3 - 228*l**2 + 946*l + 249. Give b(-118).
13
Let j(q) = 63*q**2 + 887*q + 67. Calculate j(-14).
-3
Let x(y) = -y**2 + 4053*y + 445124. Give x(-107).
4
Let j(o) = 1908*o**3 - 200343*o**2 + 312*o + 305. Determine j(105).
-10
Let o(u) = 28*u**3 + 969*u + 969. Calculate o(-1).
-28
Let v(l) = 6*l**3 + 93*l**2 + 144*l - 656. Give v(-13).
7
Let u(z) = z**2 + 5286*z + 178502. What is u(-34)?
-66
Let t(i) = 7*i**2 - 9547*i - 57359. Give t(-6).
175
Let k(p) = 5*p**2 + 10818*p - 108676. Determine k(10).
4
Let m(n) = -11*n**3 + 109*n**2 - 237*n + 22. Calculate m(3).
-5
Let a(y) = 2*y**3 - 1220*y**2 - 2280*y - 102827. What is a(612)?
-11
Let o(y) = 13*y**3 + 30*y**2 - 103*y - 6. What is o(5)?
1854
Let v(z) = -z**3 + 95*z**2 - 363*z + 25490. What is v(94)?
204
Let h(n) = -78*n**3 + 608*n**2 - 4*n + 6. Determine h(5).
5436
Let j(q) = -14260*q + 142601. What is j(10)?
1
Let m(c) = 3*c**2 - 891*c + 8614. Determine m(10).
4
Let r(s) = s**3 + 63*s**2 - 501*s - 1654. What is r(-70)?
-884
Let b(n) = -678*n - 4711. What is b(-7)?
35
Let f(u) = -u**2 - 674*u - 24080. What is f(-38)?
88
Let o(t) = -t**3 - 80*t**2 - 814*t + 29723. Determine o(-38).
7
Let z(s) = -82*s**3 + 238*s**2 - 7*s + 25. Give z(3).
-68
Let t(s) = 174*s + 1028. Give t(-2).
680
Let z(o) = 1215*o**2 - 262448*o + 1715. Determine z(216).
-13
Let t(d) = -35*d**2 + 1861*d + 120478. Give t(91).
-6
Let v(i) = -11552*i - 46180. Give v(-4).
28
Let w(m) = -m**2 - 97*m - 2497. Give w(-59).
-255
Let o(q) = -12121*q - 9527109. Give o(-786).
-3
Let p(l) = -5699*l - 28502. Calculate p(-5).
-7
Let w(b) = 2*b**2 - 14563*b + 4707020. What is w(339)?
5
Let u(i) = -2182*i**2 + 28371*i - 99. What is u(13)?
-34
Let m(t) = t**3 - 29*t**2 + 27*t + 1306. Calculate m(-6).
-116
Let p(g) = -g**3 + 7*g**2 - 183*g - 2943. What is p(-9)?
0
Let b(j) = -2*j**2 - 392*j - 4197. What is b(-168)?
5211
Let s(x) = -x**3 + 86*x**2 + 36*x - 10300. Determine s(85).
-15
Let i(u) = -5*u**3 + 405*u**2 + 376*u + 2777. What is i(82)?
-11
Let l(k) = 151989*k + 455872. Calculate l(-3).
-95
Let x(m) = -2*m**3 + 198*m**2 + 2428*m - 879. Calculate x(110).
1
Let a(m) = -m**3 - 93*m**2 - 338*m + 1346. What is a(-89)?
-256
Let t(c) = -65*c**2 - 4441*c - 5768. Give t(-67).
-6
Let o(m) = 8*m**3 - 8882*m**2 - 6654*m - 13357. What is o(1111)?
-25
Let b(y) = -11910*y - 5264227. Determine b(-442).
-7
Let f(n) = n**3 - 16*n**2 - 22*n + 361. Determine f(5).
-24
Let l(r) = -2*r**2 - 487*r - 15359. Give l(-206).
91
Let d(f) = -f**2 - 127*f + 1538. Calculate d(-125).
1788
Let g(u) = -u**3 + 632*u**2 + 1267*u + 825. Give g(634).
191
Let s(m) = m**2 - 22*m - 1556. Calculate s(-34).
348
Let g(o) = o**3 - 26*o**2 - 1079*o + 10074. Give g(45).
-6
Let y(b) = -b**3 + 7*b**2 + 224*b + 124. What is y(19)?
48
Let o(f) = -92046*f - 1012476. Give o(-11).
30
Let i(k) = -9713*k - 126264. What is i(-13)?
5
Let i(t) = -t**3 + 46*t**2 - 61*t - 610. Give i(-3).
14
Let y(s) = 5191*s - 20475. Determine y(4).
289
Let j(g) = 3*g**2 + 305*g + 8177. Calculate j(-26).
2275
Let f(b) = -6427*b + 35073. Determine f(5).
2938
Let i(h) = 614*h - 5985. Determine i(10).
155
Let h(c) = 9397*c + 47061. Calculate h(-5).
76
Let l(r) = 2*r**2 - 332*r - 5038. Calculate l(182).
786
Let d(h) = 528*h + 981. Give d(-1).
453
Let y(a) = -a**2 - 46*a + 10700. Calculate y(83).
-7
Let v(m) = 19*m**3 - 66*m**2 - 1048*m - 8. Determine v(-6).
-200
Let j(v) = -v**2 + 11535*v - 2489312. What is j(220)?
-12
Let m(r) = -r**3 + 40*r**2 - 32*r + 3222. What is m(39)?
3495
Let s(q) = q**3 + 45*q**2 + 454*q + 2. Calculate s(-13).
-492
Let g(b) = -27583*b + 468880. Give g(17).
-31
Let s(v) = 120*v - 1824. Determine s(-8).
-2784
Let c(i) = 44*i**2 - 2555*i + 5088. Calculate c(56).
-8
Let u(w) = 4*w**2 - 68*w - 49. What is u(11)?
-313
Let i(p) = -651*p**3 - p**2 + 121*p + 120. What is i(-1)?
649
Let g(t) = 1233*t - 203443. Determine g(165).
2
Let g(d) = -2*d**2 + 5460*d + 340499. Determine g(-61).
-3
Let m(k) = -2*k**2 - 6456*k - 115719. What is m(-18)?
-159
Let a(c) = -4821*c + 66183. Determine a(14).
-1311
Let a(o) = 214*o**3 + 1488*o**2 - 197*o - 880. Determine a(-7).
9
Let g(d) = -901*d**2 + 229781*d - 6619. Calculate g(255).
11
Let m(u) = -18*u**3 - 1780*u**2 + 203*u + 373. Calculate m(-99).
-122
Let b(y) = 3538*y + 102597. Calculate b(-29).
-5
Let j(k) = -476*k + 154466. Determine j(323).
718
Let k(g) = -2*g**3 - 789*g**2 - 5045*g - 330. Calculate k(-388).
58
Let w(j) = -14*j**3 + 630*j**2 + 61*j - 2884. Determine w(45).
-139
Let r(a) = -2*a**2 + 480*a - 2354. Determine r(235).
-4
Let m(y) = 829*y**2 + 237*y + 238. Give m(-1).
830
Let t(q) = -4*q**3 - 39*q**2 + 1512*q + 10790. Give t(-7).
-333
Let v(j) = 6*j**3 + 21*j**2 - 14*j - 120. Determine v(-3).
-51
Let f(a) = -a**2 + 193*a + 3295. What is f(-23)?
-1673
Let z(u) = -104*u + 9432. What is z(94)?
-344
Let q(r) = -r**2 + 929*r - 86470. Calculate q(105).
50
Let y(m) = 153117*m**2 + 1071806*m - 85. Determine y(-7).
6
Let t(i) = 2*i**3 - 3232*i**2 - 16206*i + 24. Give t(-5).
4
Let g(q) = -897*q + 9206. What is g(9)?
1133
Let p(f) = 2*f**2 + 890562*f + 8014890. Determine p(-9).
-6
Let o(f) = -5280*f + 29. Give o(0).
29
Let f(b) = 2*b**2 - 1706*b + 138689. Calculate f(91).
5
Let r(t) = 4*t**3 - 1318*t**2 - 3321*t + 338. Give r(332).
6
Let d(r) = -r**3 + 12*r**2 + 120*r - 628. Calculate d(4).
-20
Let a(o) = 3579*o + 1989908. Determine a(-556).
-16
Let b(c) = c**3 + 17*c**2 - 44*c + 302. Determine b(-21).
-538
Let o(b) = -1270*b - 140. Calculate o(1).
-1410
Let i(a) = a**2 - 12610*a - 290569. Determine i(-23).
-10
Let k(i) = -3*i**3 + 24*i**2 + 4280*i - 30137. Determine k(7).
-30
Let z(p) = 887*p + 7432. Give z(-9).
-551
Let g(f) = 3*f**3 - 359*f**2 + 1293*f - 1953. Determine g(116).
19
Let w(t) = -39*t**2 + 3006*t + 45677. Calculate w(-13).
8
Let q(w) = 49199*w + 1623517. Give q(-33).
-50
Let j(y) = -94*y**3 - 2447*y**2 - 76*y + 95. Give j(-26).
43
Let o(n) = 508*n + 151375. Determine o(-298).
-9
Let s(t) = -302*t + 7864. Determine s(25).
314
Let l(p) = -50*p**3 + 130*p**2 + 299*p + 69. Determine l(-2).
391
Let f(u) = -1805*u - 77614. Give f(-43).
1
Let w(i) = 5*i**3 + 38*i**2 - 575*i - 4506. What is w(-8)?
-34
Let p(y) = -y**2 + 11345*y + 627010. Determine p(-55).
10
Let m(o) = -o**3 + 60*o**2 + 129*o - 401. Calculate m(62).
-91
Let f(k) = 9742*k + 97341. Determine f(-10).
-79
Let g(p) = -172*p**2 - 59*p + 163. Calculate g(3).
-1562
Let p(q) = 35585*q - 71771. Give p(2).
-601
Let j(p) = -51642*p + 11103028. Calculate j(215).
-2
Let a(l) = -6*l**3 + 1619*l**2 - 2943*l - 1367. Determine a(268).
-27
Let i(d) = 18211*d**2 - 455274*d - 22. Calculate i(25).
3
Let r(f) = 244085*f - 19038621. Give r(78).
9
Let n(j) = 1527*j**2 + 13736*j + 5. Give n(-9).
68
Let b(m) = -m**3 + 140*m**2 + 570*m + 889. Calculate b(144).
25
Let i(j) = -j**3 + 131*j**2 + 382*j + 85. Determine i(134).
-2595
Let u(q) = -542*q**2 + 13*q - 16. Give u(1).
-545
Let u(j) = 3*j**3 + 1269*j**2 + 1270*j + 1601. Calculate u(-422).
-87
Let s(q) = -10417*q + 125022. Calculate s(12).
18
Let n(m) = m**3 + 4*m**2 + 44*m + 96. What is n(-8)?
-512
Let g(b) = 111*b**2 - 906*b + 1798. What is g(2)?
430
Let v(u) = 2*u**2 + 36*u - 355. Give v(-17).
-389
Let s(y) = -y**2 + 5169*y + 3860108. Calculate s(-662).
-14
Let q(t) = 5*t**2 + 894*t - 22080. Calculate q(22).
8
Let w(f) = 28850*f - 260590. Give w(9).
-940
Let x(d) = 8717*d - 